 by (-4)/(-4*(-7)/(-189)).
24
Let r(x) = x. Let y(g) = 2*g**2 + 10*g - 9. Let o(k) = 5*r(k) + y(k). Suppose 0*b - 2*b + 20 = 0. What is the remainder when o(-9) is divided by b?
8
Let s(r) be the first derivative of 55*r**3/3 + r**2/2 - r - 2. Let p = 4070 + -4051. What is the remainder when s(1) is divided by p?
17
Suppose -63 = -3*l + r - 8, 5*r - 29 = -l. What is the remainder when 947 is divided by l?
16
Suppose -285 = -156*g + 137*g. What is the remainder when 695 is divided by g?
5
Suppose -43*t - 563 + 4304 = 0. Calculate the remainder when t is divided by 46.
41
Suppose -4*c = -136 - 264. What is the remainder when c is divided by 21?
16
Let g = 428 + -186. Suppose -4*q + g = 2*s, -q + 3*s + 267 = 3*q. What is the remainder when q is divided by 22?
19
Let m(g) = g**3 - 7*g**2 + 6*g - 1. Let v(y) = 7*y**2 - y - 1. Let z be v(-1). What is the remainder when m(z) is divided by 11?
8
Let j = 143 + 20. Calculate the remainder when j is divided by 43.
34
Suppose -1952 = -10*t + 2*t. What is the remainder when t is divided by 7?
6
Let f = 36 - 7. Let s = -17 + f. Calculate the remainder when 45 is divided by s.
9
Suppose -25*x + 162 = -16*x. Calculate the remainder when x is divided by ((-1)/2)/((-7)/140).
8
Let h = -4 - -11. Suppose -50*b = -47*b - 57. Suppose 22*q = b*q + 57. Calculate the remainder when q is divided by h.
5
Suppose 0 = -0*o + 3*o - 9. Suppose -3*s = 2*d - 4 - 2, 4*s - o*d = 25. What is the remainder when s*(-2)/(-4)*1 is divided by 1?
0
Let n(v) = 2*v**2 + 4*v + 28. What is the remainder when n(-3) is divided by 6?
4
Suppose 23*y + 0*y = 782. Calculate the remainder when 97 is divided by y.
29
Let p = -492 + 1000. Suppose 39*s + p = 43*s. Calculate the remainder when s is divided by 32.
31
Suppose 11*z = 1034 + 2310. What is the remainder when z is divided by 6?
4
Let l = 391 - 368. What is the remainder when 64 is divided by l?
18
Let j(l) = l**2 - l - 5. What is the remainder when 20 is divided by j(4)?
6
Suppose 4*p = -p + 10. Let t = 27 + -24. Suppose 0 = -p*l, -t*w - 2*l + 288 = w. Calculate the remainder when w is divided by 15.
12
Suppose -68 = -2*h + 5*m + 327, 0 = h - 2*m - 197. What is the remainder when 595 is divided by h?
10
Suppose -5*o = 322 - 337. Suppose 4*i + 58 = -5*n, n - 2*n + 5*i = 29. What is the remainder when 1 + 3/((-6)/n) is divided by o?
2
Suppose 564*t - 140 = 559*t. Let d be (1 + 4)*(-4 - -5). Suppose -u = -5*u + b + 58, 83 = d*u + 4*b. What is the remainder when t is divided by u?
13
What is the remainder when 86 - (2 + (0 - (-8)/2)) is divided by 11?
3
Let m = 24 + 97. Calculate the remainder when m is divided by 118.
3
Suppose -44*h + 40*h + 72 = 0. What is the remainder when (4/(-6))/(4/(-498)) is divided by h?
11
What is the remainder when 679 is divided by (-2 + 128/10)/((-633)/(-2110))?
31
Suppose 0 = 2*z + 2*h - 150, 3*h - 122 = -2*z + 25. Let q = z - 27. Suppose q = -2*t + 5*t. Calculate the remainder when t is divided by 5.
2
Let z(a) = 66*a**2 - a. Let k be 2/(-13) - (-533)/169. Suppose -4 - 106 = -5*g + 5*d, k*d + 89 = 4*g. Calculate the remainder when z(-1) is divided by g.
21
Let x be (-42)/9*(-12)/8. Suppose -2*w = -5*b - x*w + 295, -2*w = 4*b - 234. Calculate the remainder when b is divided by 20.
18
What is the remainder when 60 is divided by (-402)/(-16) + 7/336*-6?
10
Suppose m + 1 - 6 = 0, 0 = -2*c + 3*m - 39. What is the remainder when 38 is divided by (0 - (c - -1)) + -1?
8
Suppose -4 = -c + 23. Suppose -c = -7*r - 6. What is the remainder when 28 is divided by r?
1
Let l = -9 + 12. Let k(n) = l*n - 12*n**2 - 2*n - 2*n + 27 + n**3 - n. Calculate the remainder when 15 is divided by k(12).
0
Suppose -k = 33 - 36. Let g = 12 + -5. Calculate the remainder when g is divided by k.
1
Let x(u) = 4*u**2 - u**3 - 3*u**2 + u**2 - 3*u**2. Let v be x(-1). Suppose -3*n + 3*l + 42 = v, n + n = 3*l + 29. What is the remainder when 50 is divided by n?
11
Suppose -89*r + 90*r - 22 = 0. Calculate the remainder when 83 is divided by r.
17
What is the remainder when 251/2 - ((-14)/4)/(-7) is divided by 6?
5
What is the remainder when 87 is divided by (9/((-108)/(-256)))/(4/6)?
23
Suppose 0*n - 3*n + 2*z + 35 = 0, 5*n + z - 67 = 0. What is the remainder when 76 is divided by n?
11
Suppose -54 = w - 4*m, -3*w - 127 = -3*m - 2*m. Let o = w + 49. What is the remainder when 25 is divided by o?
10
Suppose w = 3*r - 39, -9*w + 4*r = -5*w + 180. Let o = -16 - w. Calculate the remainder when o is divided by 7.
4
Suppose 14 = -5*j + 12*j. Suppose -3*m = j*h - 202, m + 6*h = 7*h + 74. Calculate the remainder when m is divided by 25.
20
Let o = -27 + 61. Suppose 5*g + o = 164. What is the remainder when 102 is divided by g?
24
Let i(y) = -y**3 - 11*y**2 - 8*y - 84. Calculate the remainder when 29 is divided by i(-11).
1
Suppose 2*w + 1222 = 4*l, -4*l + 0*w = 4*w - 1240. Calculate the remainder when l is divided by 10.
7
Suppose -132 = -5*w - 3*k, 26*w - k = 25*w + 36. Calculate the remainder when 0 + 115*1 + -1 is divided by w.
24
Suppose 0*b - 4*b - 208 = 0. Let l be 30/(-26) + (-8)/b. What is the remainder when (l - -1) + -2 - -42 is divided by 14?
12
Suppose 25*n - 2010 = 20*n. Calculate the remainder when n is divided by 15.
12
Let b = 2 + -1. Suppose -f + 4*l - 11 = 0, l = -22 + 25. What is the remainder when f is divided by b?
0
Let z(l) = l**3 - 7*l**2 + 9*l - 8. What is the remainder when 289 is divided by z(6)?
9
Let f(a) = 10*a**2 - 2*a + 1. Calculate the remainder when f(1) is divided by 10/(8 + -5 + -1).
4
Let j(h) = 3*h - 6*h + 5 + 7 - 3. What is the remainder when 35 is divided by j(0)?
8
Let m = 59 - 42. Let v be (-4 - -23)/(2/(-14)). Let t = v + 198. Calculate the remainder when t is divided by m.
14
Let i(y) = y**2 - 18*y - 131. What is the remainder when i(26) is divided by 18?
5
Suppose -5*n + 6*n + 8 = 0. Let u(d) = d**3 + 7*d**2 - 13*d - 13. What is the remainder when u(n) is divided by 17?
10
What is the remainder when 151 is divided by ((-26)/(-6))/(71/426)?
21
Let s(j) = j**3 + 11*j**2 + j + 15. Calculate the remainder when (-7 + 1 + 1)/(-1) is divided by s(-11).
1
Let d = 91 - 106. Let u(l) = -3*l**3 - 2*l + 1. Let q be u(-2). Let r = q + d. What is the remainder when 55 is divided by r?
13
Suppose 3*u - 81 + 57 = 0. What is the remainder when 21 is divided by u?
5
Calculate the remainder when -192*(0 + -9 + 8) is divided by 105.
87
Suppose 4*u = 20, -3*q + 116 = 4*u - 78. Calculate the remainder when q is divided by (4 + 22/(-5))*-30.
10
Let m(c) = -c**2 + 12*c - 8. Let y = 9 - 11. Let w be 39/(-2 + 5) + y. Calculate the remainder when m(w) is divided by 1.
0
Let t(b) = b**2 - 2*b - 2. Calculate the remainder when 40 is divided by t(-4).
18
Let d = 24 + -16. Suppose 0 = -5*c + d + 7. Suppose m = c*a + a + 3, 2*m + 5*a - 19 = 0. Calculate the remainder when m is divided by 5.
2
Let q(a) = -2*a**2 - 9*a - 1. Let o be q(-6). Let z = -14 - o. What is the remainder when 16 is divided by z?
1
Suppose -10 = 3*r - 4*a, -5*r + 0*r + 14 = a. Suppose 0 = 5*s - 15, -7*s = 4*d - 2*s - 27. What is the remainder when r is divided by (3 - 5)/(-5 + d)?
0
Suppose 52 = 4*g - 0*g - 4*o, 27 = 2*g - 3*o. Suppose -10*h + 276 = -54. Calculate the remainder when h is divided by g.
9
Let y(s) = -5*s**2 + 171*s + 77. Calculate the remainder when y(33) is divided by 140.
135
Let y = 53 + -19. Suppose -46 = -9*f - 10. Calculate the remainder when y is divided by f.
2
Let h(o) = -o**3 + 6*o**2 - 2*o - 4. Suppose 0 = -4*j + 2*z + 28, 0*j + 5*z + 25 = j. Calculate the remainder when h(j) is divided by 31/5 + 20/25.
4
Let q(o) = -o**2 + 37*o + 63. What is the remainder when q(35) is divided by 21?
7
Let l(g) = 144*g + 26. What is the remainder when l(3) is divided by 46?
44
Let p = -113 - -50. Let w = p + 86. What is the remainder when 77 is divided by w?
8
Let l = -309 + 324. Calculate the remainder when 141 is divided by l.
6
Calculate the remainder when (4183/235)/((-18)/20 + 1) is divided by 12.
10
Suppose 0 = -5*r - 5*b + 40, 3*r - 4*b = -7 + 3. Suppose -5*c + 117 = 2*p - r*c, c = 3*p - 188. Calculate the remainder when p is divided by 17.
10
Let x = 217 - 95. What is the remainder when x is divided by 36?
14
Let i be (-6)/(-2) - 3*(4 - 8). Suppose 22*s - 70 = i*s. Calculate the remainder when s is di